*l - 334. Calculate the remainder when d(26) is divided by 315.
18
Let i = 250 + -233. Let s = 13 - 8. Suppose -2*d - 4*z + 135 + 53 = 0, -s*d - 5*z = -485. Calculate the remainder when d is divided by i.
15
Suppose -2*m = 8*m - 50. Suppose -q + 6*v + 33 = 4*v, m*v - 225 = -5*q. Calculate the remainder when 71 is divided by q.
30
Let z(o) = -28*o + 2. Let m = 28 + -25. Let s(u) = -14*u. Let n(q) = m*z(q) - 5*s(q). What is the remainder when n(-6) is divided by 46?
44
Let r = 123 - 88. Let n = r + -35. Calculate the remainder when 50 is divided by n - (-29 - (3 - 5)).
23
Let a(q) = -q**2 + 2*q + 4. Let u be a(9). Let y = u + 95. Calculate the remainder when y is divided by 10.
6
Let n = -40 + 44. Suppose 0 = -2*a - k + 27, 0 = -a - a + n*k + 32. Let r = 114 - a. Calculate the remainder when r is divided by 34.
32
Suppose 0 = 56*g - 52*g - a + 88, 76 = -4*g + 4*a. Calculate the remainder when 35 is divided by 51/5 - g/(-115).
5
Suppose 2*t - 14 = 0, -4*z + 6388 = -2*t + 6338. What is the remainder when 458 is divided by z?
10
Suppose -2*a - 6*a + 424 = 0. Suppose 2*w - 293 = -i, 2*i - 48 = -w + 100. Let o = 61 + w. What is the remainder when o is divided by a?
48
Let n = 3677 + -3676. Let l(y) = -y**2 - y + 4. Let h be l(0). What is the remainder when 104 is divided by (n - (-12)/h) + 49?
51
Suppose 3*h = 3*j + 489, 162 = -23*h + 24*h - 2*j. What is the remainder when h is divided by 3?
2
Let n = 4740 + -4692. What is the remainder when 208 is divided by n?
16
Suppose 0 = f + 2*q - 4 - 1, f - 5 = 5*q. What is the remainder when -6*14*8/(-24) is divided by f?
3
Suppose 6 = g - 3*g. Let j be -8 - (g - (3 + -1)). What is the remainder when (-3 + 0 - -59) + j is divided by 28?
25
Let v = -3146 - -3719. What is the remainder when 657 is divided by v?
84
Let g = -21736 - -21971. What is the remainder when 5404 is divided by g?
234
Suppose -3*i - 9*i + 36 = 0. Suppose -3*t + 2*t - 2*v = -118, 143 = t - i*v. Calculate the remainder when t is divided by 10.
8
What is the remainder when (-1)/(-2) - (-594)/12 is divided by (-50)/5 + 13 - (-8 - -2)?
5
Let s(b) = 7*b**3 - 303*b**2 + 87*b + 16. Calculate the remainder when 2*1 - -29*6 is divided by s(43).
58
Suppose 13*l - 56 = -15*l. Suppose -l*t = 2*z - 32, -27 = -t - 5*z - 11. Calculate the remainder when 124 is divided by t.
12
Calculate the remainder when 6/(-1)*(((-15610)/21)/(-10))/(-2) is divided by 68.
19
Suppose 2*z - 33 = z. Let s = -120356 + 120398. What is the remainder when s is divided by z?
9
Let n(k) = -k**2 + 2*k + 4. Let g be n(3). Let c(o) = -3*o + 17. Let h be c(6). What is the remainder when g/(h/(-58)*2) is divided by 8?
5
Let d be 5/((-125)/(-10)) - (-126)/(-15). What is the remainder when 2 - (d - -3)*4 is divided by 5?
2
Suppose 6*m - 10*m + 132 = 0. Let x = 232 - m. Let s = -26 + 77. Calculate the remainder when x is divided by s.
46
Let p(r) be the first derivative of 3*r**2 + 58*r - 151. What is the remainder when p(7) is divided by 45?
10
Let j = 40 + 1. Let z(n) = 17*n + 293. Let m be z(-19). Let l = m + j. What is the remainder when 41 is divided by l?
8
Let h be (5*-62)/((-22)/4 + 5). Let g = 639 - h. What is the remainder when g is divided by 2?
1
Let z = 529 - 535. What is the remainder when 154 + 3 + 14/(z - 1) is divided by 45?
20
Suppose 4*y + 47 = 3*i, -2*y + 65 = 5*i + 4. Let c be (-28)/6 + 1/(-3). Let j = i - c. Calculate the remainder when j is divided by 10.
8
Suppose 2952 = 3*r + 15*r. Calculate the remainder when r is divided by ((-2)/(-5))/(28/1680).
20
Let t(g) = 5*g - 17. Let z be t(4). Suppose -1620 + 1275 = -z*f. What is the remainder when f is divided by 59?
56
Let x(s) = -754*s + 77. What is the remainder when x(-1) is divided by 16?
15
Let j = -49 - -46. Let t be (4 - 0) + j + 2. Suppose 0 = -5*x + 25, t*w = -0*x - x + 41. Calculate the remainder when 35 is divided by w.
11
Let a(y) = 25*y**2 - 92*y + 257. What is the remainder when a(3) is divided by 31?
20
Suppose -h + 5*y = -56, -2*h + 178 - 50 = -2*y. Calculate the remainder when 13263 is divided by h.
63
Suppose -4*m + 388 = 5*l + 3121, 0 = 3*m - 3*l + 2043. Let x = 1439 + m. Calculate the remainder when x is divided by 40.
37
Suppose -6*l + 205 = -11. Let k = 1274 + -1147. What is the remainder when k is divided by l?
19
Suppose 2*d = 3*i - 169, 5*i = 46*d - 44*d + 275. What is the remainder when 3140/15 + 4/(-12) is divided by i?
50
Suppose 62985 = 30*g + 12*g - 3*g. Calculate the remainder when g is divided by 45.
40
Let k = 72 + -66. Let q(t) = -4*t + 102. Suppose z + 48 = 5*m - 34, 4*z = 4*m - 72. What is the remainder when q(k) is divided by m?
14
Let p(h) = -h**3 - 2*h. Let l be p(0). Suppose -14 = 2*c + 2*i - 128, c - 3*i - 41 = l. What is the remainder when c is divided by 11?
9
Let w = -317 + 468. Let d = -133837 - -133848. What is the remainder when w is divided by d?
8
Let n = -38240 + 38302. Let t = 231 + -50. Calculate the remainder when t is divided by n.
57
Let n(v) = 4*v**2 + 261*v - 130. What is the remainder when 476 is divided by n(-66)?
0
Let j(d) = 2*d**3 - 11*d + 18. Calculate the remainder when 11422 is divided by j(2).
10
Let g be 28*((-6)/(-14) - 26/28). Suppose -12 = -r - n + 12, -3*n - 103 = -4*r. Calculate the remainder when r is divided by 1080/78 - g/91.
11
Let w be ((-6)/(-8))/(-3) - (-697)/68. Suppose -w*b = -7*b - 3*a - 90, -78 = -2*b - 4*a. What is the remainder when b is divided by 11?
0
Suppose 2382 = 584*p - 578*p. Let k = p - 382. Let a = -34 + 61. Calculate the remainder when a is divided by k.
12
Suppose 0 = -5*i + 4*s + 466, 0 = -6*i + 4*i - s + 176. Suppose 4*o + j - 139 = 0, 3*o - i = 10*j - 6*j. What is the remainder when o is divided by 19?
15
Let u = 3940 - 3931. Calculate the remainder when 311 is divided by u.
5
What is the remainder when 65/39*(-6174)/(-30) is divided by 128?
87
Suppose 5507 + 143 = 191*n - 653. Calculate the remainder when 1148 is divided by n.
26
Let o(z) = 9*z + 10. Let p be o(0). Calculate the remainder when 53 is divided by -5 + p - 4*-1.
8
Let t(c) = c**2 - 7*c + 3. Calculate the remainder when 1*54/(-8)*(-4)/3 is divided by t(7).
0
Suppose -4*f + 0*o + 83 = -o, 3*o = -9. Let s = f - 40. Let x = s + 99. What is the remainder when x is divided by 16?
15
Let q be ((-2)/(-7))/((-1)/(-14)) - 2. Let i(w) = 12*w**2 - 3*w**2 + 9*w**q - 4*w - 3 + 16*w**2. What is the remainder when i(-1) is divided by 12?
11
Calculate the remainder when 39 is divided by -18 + 24 + (-32)/(-4).
11
Suppose 0 = 2*r - 4*o, -4*r + 3*o = -2*o - 15. Let s = r + -6. Suppose -2*g - 4 = 0, 2*u - 4*u - g = -s. Calculate the remainder when 10 is divided by u.
1
Calculate the remainder when 3393/13 + 18 - 16 is divided by 252.
11
Suppose 3 = 5*w + 3. Suppose -8*t - t + 2574 = w. Suppose 5*v = 4*n + 3*v - t, 2*n - 139 = -3*v. Calculate the remainder when n is divided by 37.
34
What is the remainder when 480 is divided by (-61845)/(-1045) - (-4)/(-22)?
8
Let u(z) = -z**3 + 9*z**2 - 5*z - 18. Let b be u(8). Suppose -10 = -b*j + j. Suppose 6*s = -j*s + 480. What is the remainder when s is divided by 16?
12
Let s = 292 - 180. Suppose -272 - 211 = 7*i. Let x = s + i. Calculate the remainder when x is divided by 11.
10
Suppose 4*s - 4*u - 28 - 32 = 0, 9 = s + 5*u. Let v(c) = 17*c - 2. Calculate the remainder when (-4)/s - (1716/(-28) + 0) is divided by v(2).
29
Let k(b) = b**2 - 12*b + 35. Let r be k(12). Let g be (-2)/5 - r/(-25). What is the remainder when 25 is divided by (-5)/2*g*1200/(-250)?
1
Suppose 38 = 19*v - 0*v. Suppose 4*s = -4*l + 388, -3*l - v*l = -3*s - 493. Calculate the remainder when l is divided by 33.
32
Suppose -5*j - a = -4*a + 485, 4*a = j + 97. Let m = j + 115. Calculate the remainder when m is divided by 13.
5
Let i(t) = t**3 - 36*t**2 + 20*t - 580. Calculate the remainder when 494 is divided by i(36).
74
Suppose 42 = y - 5*m, 3*m + m = -4*y + 48. Suppose 2*g - 82 = 4*s, 10*g = 5*g + s + 214. Calculate the remainder when g is divided by y.
9
Let a be (-351)/18*(-114)/9. Let c = 9 - -166. Let p = a - c. What is the remainder when p is divided by 19?
15
Suppose 6*o + 11*v = 7*o - 332, -v = o - 272. Calculate the remainder when o is divided by 28.
25
Suppose w - 786 = 2*q - 362, 5*q = -4*w + 1670. Calculate the remainder when w is divided by 336.
84